 33287 prime?
True
Is 19207 a composite number?
False
Is 1859537 prime?
True
Is 135671 a composite number?
False
Is 187241 a composite number?
True
Is 45935 composite?
True
Is 9314 prime?
False
Is 1139 a composite number?
True
Is 134423 prime?
False
Is 120371 prime?
True
Is 113653 prime?
False
Is 151867 composite?
True
Is 9199 a prime number?
True
Is 272786 composite?
True
Is 100519 prime?
True
Is 26801 composite?
False
Is 2122 composite?
True
Is 7411 a composite number?
False
Is 1831879 composite?
True
Is 415 a composite number?
True
Is 1674181 prime?
True
Is 46723 a prime number?
True
Is 30309 prime?
False
Is 854083 prime?
True
Is 5497 a composite number?
True
Is 60841 a prime number?
False
Is 1146869 prime?
True
Is 255027 a composite number?
True
Is 11863 a prime number?
True
Is 125823 a composite number?
True
Is 63377 a composite number?
False
Is 4791 prime?
False
Is 839693 composite?
False
Is 179341 a composite number?
True
Is 3554 a prime number?
False
Is 12827 a composite number?
True
Is 3709 a composite number?
False
Is 26489 a prime number?
True
Is 2617 a composite number?
False
Is 183361 a prime number?
True
Is 239287 a composite number?
False
Is 127271 composite?
False
Is 34691 a composite number?
True
Is 419 a composite number?
False
Is 122819 a prime number?
True
Is 76051 a composite number?
True
Is 1715039 composite?
False
Is 26777 a prime number?
True
Is 53069 prime?
True
Is 143887 a composite number?
True
Is 53681 a prime number?
True
Is 3277 a prime number?
False
Is 300187 a composite number?
False
Is 1662851 a prime number?
True
Is 740963 a composite number?
True
Is 5294 prime?
False
Is 5847 a prime number?
False
Is 170513 a composite number?
True
Is 84583 a composite number?
True
Is 88123 a prime number?
False
Is 5623 a prime number?
True
Is 234983 composite?
True
Is 4409 composite?
False
Is 177986 a prime number?
False
Is 175837 prime?
True
Is 2311919 a composite number?
True
Is 15853 a prime number?
False
Is 105295 prime?
False
Is 22985 composite?
True
Is 141761 a composite number?
False
Is 2157989 composite?
False
Is 259319 prime?
False
Is 5897 prime?
True
Is 1055 prime?
False
Is 188095 prime?
False
Is 13441 a composite number?
False
Is 698641 a composite number?
False
Is 180331 a prime number?
True
Is 735809 a prime number?
True
Is 4677709 a composite number?
False
Is 10897 composite?
True
Is 566177 composite?
True
Is 134 a composite number?
True
Is 184607 a prime number?
True
Is 12871 a composite number?
True
Is 133877 a prime number?
True
Is 1361 prime?
True
Is 10949 a composite number?
False
Is 746947 composite?
True
Is 152671 composite?
False
Is 5981 a prime number?
True
Is 167381 a composite number?
False
Is 1171 a composite number?
False
Is 776809 composite?
True
Is 101449 composite?
False
Is 8143 composite?
True
Is 25703 a prime number?
True
Is 20323 composite?
False
Is 5873 a composite number?
True
Is 695257 prime?
True
Is 28781 prime?
False
Is 13159 prime?
True
Is 14971 a prime number?
False
Is 6953 a prime number?
False
Is 43541 composite?
False
Is 31033 a prime number?
True
Is 43259 a composite number?
True
Is 437 composite?
True
Is 21269 a composite number?
False
Is 875647 a prime number?
True
Is 223871 a composite number?
True
Is 56195 a composite number?
True
Is 4187 prime?
False
Is 187751 a composite number?
False
Is 2437591 prime?
False
Is 4783 a composite number?
False
Is 42815 composite?
True
Is 19103 a prime number?
False
Is 6863 composite?
False
Is 232393 a prime number?
False
Is 11581 prime?
False
Is 226167 a prime number?
False
Is 341423 a prime number?
True
Is 130513 composite?
False
Is 32441 composite?
False
Is 34511 a composite number?
False
Is 759881 a prime number?
True
Is 2213 a composite number?
False
Is 214739 a prime number?
False
Is 8707 a prime number?
True
Is 28533 a prime number?
False
Is 10831 a composite number?
False
Is 34421 a prime number?
True
Is 73961 prime?
True
Is 782371 a composite number?
False
Is 45757 a prime number?
True
Is 538727 prime?
False
Is 211283 composite?
False
Is 3949 a composite number?
True
Is 2052553 composite?
False
Is 292513 composite?
True
Is 164137 composite?
True
Is 303749 a prime number?
True
Is 576601 composite?
True
Is 76561 a prime number?
True
Is 583 prime?
False
Is 94877 composite?
True
Is 3665891 composite?
True
Is 222853 prime?
False
Is 52667 prime?
True
Is 26081 a prime number?
False
Is 9533 a prime number?
True
Is 1511 composite?
False
Is 38401 a prime number?
False
Is 35729 composite?
False
Is 20777 prime?
False
Is 530779 a composite number?
True
Is 8851 prime?
False
Is 289229 composite?
True
Is 1081 composite?
True
Is 8359 a composite number?
True
Is 8465 a prime number?
False
Is 8411 a prime number?
False
Is 163109 a prime number?
True
Is 380381 a prime number?
False
Is 717203 prime?
False
Is 133481 a prime number?
True
Is 372871 a prime number?
True
Is 798293 prime?
True
Is 8441 a prime number?
False
Is 1035327 a composite number?
True
Is 73889 prime?
False
Is 25819 a prime number?
True
Is 7283 composite?
False
Is 1030529 prime?
True
Is 1694681 prime?
True
Is 17153 composite?
True
Is 65167 prime?
True
Is 7051 a prime number?
False
Is 31469 composite?
False
Is 31643 prime?
True
Is 357649 composite?
False
Is 168391 a prime number?
True
Is 145154 a composite number?
True
Is 64859 composite?
True
Is 354109 prime?
False
Is 3532811 prime?
True
Is 2323 a prime number?
False
Is 4621 prime?
True
Is 404819 composite?
False
Is 157 prime?
True
Is 767 prime?
False
Is 105445 a composite number?
True
Is 19913 a prime number?
True
Is 30309 a composite number?
True
Is 5033 prime?
False
Is 178289 a prime number?
True
Is 8263 prime?
True
Is 9127 composite?
False
Is 62759 a composite number?
True
Is 372629 a prime number?
True
Is 32117 composite?
False
Is 30631 a prime number?
True
Is 207219 composite?
True
Is 717367 prime?
False
Is 68207 a prime number?
True
Is 6017 composite?
True
Is 13957 a prime number?
False
Is 146 a composite number?
True
Is 52357 composite?
True
Is 112667 a prime number?
False
Is 65623 a composite number?
True
Is 28097 composite?
False
Is 1666261 a prime number?
True
Is 66887 a prime number?
False
Is 66293 composite?
False
Is 11197 prime?
True
Is 1821 a composite number?
True
Is 769 composite?
False
Is 6421 prime?
True
Is 46219 prime?
True
Is 936973 a composite number?
True
Is 9413 composite?
False
Is 41645 composite?
True
Is 479001 a prime number?
False
Is 192719 prime?
False
Is 29989 a prime number?
True
Is 7897 a composite number?
True
Is 6121 a prime number?
True
Is 542041 prime?
False
Is 20148317 prime?
False
Is 551 composite?
True
Is 40603 a prime number?
False
Is 4783 a prime number?
True
Is 45583 a composite number?
True
Is 654491 a composite number?
False
Is 4111 a composite number?
False
Is 24359 a composite number?
False
Is 72191 a composite number?
True
Is 301573 prime?
False
Is 15293 a composite number?
True
Is 5273 prime?
True
Is 1837 composite?
True
Is 37253 a composite number?
False
Is 33851 prime?
True
Is 27527 a prime number?
True
Is 33961 composite?
False
Is 5969 a prime number?
False
Is 841 a composite number?
True
Is 58481 a composite number?
False
Is 22 composite?
True
Is 1476311 prime?
True
Is 174851 a prime number?
True
Is 85021 a prime number?
True
Is 143149 a composite number?
True
Is 15557 a prime number?
False
Is 1252861 composite?
True
Is 1576321 a composite number?
False
Is 8419 a prime number?
True
Is 4201 composite?
False
Is 2052217 a composite number?
False
Is 46721 composite?
True
Is 17333 prime?
True
Is 351629 a prime number?
False
Is 34699 composite?
True
Is 31601 prime?
True
Is 1092089 composite?
False
Is 7493 prime?
False
Is 11677 a composite number?
False
Is 3409 a composite number?
True
Is 2551 composite?
False
Is 240421 a prime number?
True
Is 2723 a composite number?
True
Is 13049 a prime number?
True
Is 38953 composite?
False
Is 11366 prime?
False
Is 58285 a prime number?
False
Is 149 prime?
True
Is 1920701 a prime number?
True
Is 43889 a prime number?
True
Is 171617 composite?
False
Is 1795 a composite number?
True
Is 3845 a composite number?
True
Is 26309 prime?
True
Is 11911 a composite number?
True
Is 17443 prime?
True
Is 2257 a prime number?
False
Is 46369 a composite number?
True
Is 1